= 3 - 6*z - 1 + 2*z. Let x be v(-5). What is the highest common factor of x and 44?
22
Let u be (-3 + (-7)/(-2))*36. Suppose -5*h - 3 = -u. What is the highest common divisor of 24 and h?
3
Let r = -1 - 0. Let u be -52*(r + 2/8). What is the greatest common factor of 13 and u?
13
Suppose 2*z - 11 - 1 = 0. Let l = 69 - 3. What is the greatest common factor of z and l?
6
Suppose 82 = -2*k + 338. What is the highest common factor of k and 32?
32
Let g = 7 + -11. Let w(z) = -2*z - 5. Let b be w(g). Let p be (3 + b)/(3/2). What is the greatest common factor of p and 12?
4
Let r = 41 - 25. Let t = r - 3. Suppose -3*j - 52 = -4*j. Calculate the highest common factor of t and j.
13
Let v be (-32)/12*(-75)/10. What is the greatest common factor of 50 and v?
10
Let f be (-1 - 10/(-6))*15. Let w be (-6)/(-27) + (-140)/(-18). Let s be 796/16 + 2/w. Calculate the greatest common divisor of s and f.
10
Let h(g) = 4*g - 3. Let l(t) = t + 14. Let f be l(-8). Let c be h(f). Let a be (c/(-2))/(2/(-12)). Calculate the greatest common factor of a and 9.
9
Suppose k = -4 + 22. Suppose m - 4*m = -k. Suppose 2*l - 4*u + m*u - 32 = 0, 0 = 5*l + 3*u - 70. Calculate the greatest common factor of 33 and l.
11
Suppose -2*i + 4*n + 15 = -i, -i - 2*n + 3 = 0. What is the highest common factor of i and 77?
7
Let v(d) = d**2 - 11*d + 18. Let g be v(14). What is the greatest common divisor of g and 15?
15
Suppose -4*w - 24 = -5*w. Let y = 63 - w. Let d = -33 + 59. What is the greatest common factor of y and d?
13
Let c = 26 + -37. Let d = -9 - c. What is the greatest common factor of d and 22?
2
Suppose 12*t - 30 = 9*t. Calculate the greatest common divisor of 50 and t.
10
Let u(q) = q**2 + 6*q + 11. Let a be u(-6). Let h = 15 - 2. Suppose y - 20 = h. What is the greatest common factor of y and a?
11
Let y = 115 + -57. Calculate the highest common factor of 87 and y.
29
Suppose -60 = -6*d + 3*d. What is the highest common factor of d and 80?
20
Let x(v) = v - 5. Let c be x(4). Let j be (c/(3 - 4))/1. Let z(a) = 40*a**3. Let k be z(j). What is the greatest common divisor of 5 and k?
5
Suppose -4*d + 2*o + 2*o + 360 = 0, -25 = -5*o. Calculate the greatest common divisor of 19 and d.
19
Let f be 39 + ((-6)/3)/(-2). What is the highest common divisor of f and 100?
20
Let p = 47 - 1. What is the highest common factor of 23 and p?
23
Let y be (-364)/(-30) - 12/90. Let h = y - -5. What is the greatest common factor of h and 119?
17
Let i = 2 - -4. Suppose 2*r + i = -0*r - y, r = 2*y - 8. Let v be 2/r + (-55)/(-10). Calculate the highest common divisor of 45 and v.
5
Let h(l) = l + 2. Let a be h(0). Let m be a + 32/1 - 2. Let s be ((-3)/(-6) + 0)*m. Calculate the greatest common factor of s and 144.
16
Let p(w) be the second derivative of w**4/12 - 3*w**3/2 + 6*w**2 + 2*w. Let x be p(9). Calculate the greatest common divisor of x and 60.
12
Suppose 0*x + x + 2*p - 78 = 0, -4*x + 2*p + 282 = 0. Calculate the highest common factor of 24 and x.
24
Let d(c) = c**2 + 9*c - 13. Let q be d(-12). Let m = q + 2. Calculate the greatest common divisor of 10 and m.
5
Let t(h) = h + 16. Let s be t(-11). Suppose 4*u + 52 = 12. Let m = 5 - u. What is the highest common divisor of s and m?
5
Let y(v) = -4*v - 2. Let b be y(-3). Let r = 6 - 4. Calculate the highest common divisor of b and r.
2
Suppose 0 = 3*q + 2 - 5. Let f be q - (3 - (7 - 4)). Calculate the highest common factor of 4 and f.
1
Let b = 26 + -6. Suppose -4*c = c - 600. Calculate the highest common divisor of c and b.
20
Let z(t) = 7*t + 1. Let r be z(-3). Let s be (84/8)/((-3)/r). Calculate the highest common divisor of s and 28.
14
Suppose 2*t = 13 + 1. Let h(k) = -k**3 + 7*k**2 + 3*k - 9. Let x be h(t). What is the highest common factor of x and 18?
6
Let b = -7 + 9. Suppose -b*s + 3*s - 17 = 0. What is the highest common divisor of s and 119?
17
Let k = 10 - -6. What is the highest common divisor of k and 64?
16
Let v = 4 - 2. Suppose 0 = -q + v. Let i be q/3 - 476/(-6). What is the highest common divisor of i and 8?
8
Let w(h) = -5 + 1 - 14*h - 25*h + 3. Let v be w(-1). Let k = v - 27. What is the greatest common factor of 1 and k?
1
Suppose -23 + 3 = -4*l. Suppose -4*k = -3*t + 18, -l*t + 2*k = -18 - 12. Calculate the greatest common factor of 24 and t.
6
Let t = 18 - 3. What is the highest common divisor of 30 and t?
15
Let d(a) = -2*a**3 - a**2 + a - 1. Suppose 2*p - 3*p = 2. Let z be d(p). Calculate the greatest common divisor of 6 and z.
3
Let l be 2*(4 - (-34 - -2)). Let u be ((2 + -1)*9)/1. What is the highest common factor of l and u?
9
Let q be (-8)/((4/8)/(-1)). Calculate the highest common factor of q and 40.
8
Let j be 411/18 - (-1)/6. Suppose -5*o = -j - 37. Let l be o/(-2)*36/(-27). What is the greatest common factor of 24 and l?
8
Let v = -1 + 82. Calculate the greatest common divisor of v and 9.
9
Suppose 3*m - p - 4*p = 660, 0 = m + p - 220. Let j be m/15 + 1/3. Calculate the greatest common factor of j and 6.
3
Suppose 40 = 4*g - 72. What is the greatest common divisor of g and 14?
14
Let y be 10/45 + (-644)/(-18). Let q be (-24)/9*(-210)/8. Let a = q - y. What is the greatest common factor of a and 51?
17
Let o(l) = 2*l**2 - 3. Let y be o(-3). Suppose 538 = 9*r - 137. What is the highest common divisor of y and r?
15
Let o = -10 - -12. Let v be o*14*210/49. What is the greatest common factor of 30 and v?
30
Suppose -27 = -2*z - 3*b, -2*z + b = -6*z + 49. Calculate the highest common divisor of 3 and z.
3
Let l(q) = 2*q + 1. Let z be l(6). Let s = -66 - -123. Suppose 5*i + 45 + 28 = 3*y, 2*y + 5*i = s. What is the greatest common factor of z and y?
13
Suppose 5*c = -5*g + 106 + 184, c - 68 = 4*g. Suppose -4*d - 5*v = -101, 6*v = v + 5. Calculate the highest common factor of d and c.
12
Let p = 27 - 16. Let t = 1 + p. What is the highest common divisor of 8 and t?
4
Let o be 20 + -2 - 4/2. Let p = -153 - -281. Calculate the greatest common divisor of o and p.
16
Let q be (0 + -2)/(18/117). Let p = 7 - q. What is the greatest common divisor of p and 5?
5
Let y = 14 + -21. Let m(s) = s**2 + 5*s + 1. Let d be m(y). What is the highest common factor of 60 and d?
15
Suppose a - 27 = -4*d, -87 - 33 = -5*a - 5*d. Let i(z) = -9*z - 4. Let k be i(-3). What is the highest common factor of k and a?
23
Let y(x) = -5*x + 16. Let o be y(-1). Calculate the greatest common factor of o and 6.
3
Let w = -19 - -58. Calculate the greatest common factor of 26 and w.
13
Let t be 6*5/90 + 394/6. What is the greatest common divisor of 22 and t?
22
Suppose i - 14 = 3*x, 5*i - 4*x + 0 - 26 = 0. Let w(v) = 2*v**2 - 4*v - 4. Let q be w(3). What is the highest common factor of i and q?
2
Suppose -3*m = 2*f, -2*m - m = -f + 9. Let v(z) = 3*z - 3 + 9*z - 1 + z**f - 11*z**2. Let t be v(10). What is the greatest common divisor of 16 and t?
16
Let k(o) = o - 1. Let m(t) = -13*t - 7. Let z(v) = 2*k(v) + m(v). Let y be z(-3). What is the greatest common factor of 16 and y?
8
Let y be (-63)/(-3) - (-1 + 4). What is the greatest common factor of 45 and y?
9
Let l be 19*(10/2 - 0). Suppose -l = -5*p + 45. Calculate the greatest common divisor of 7 and p.
7
Let v be (0 + (3 - 2))*58. Let b = v + 41. Calculate the greatest common factor of b and 9.
9
Let u = -129 - -228. Calculate the highest common factor of u and 11.
11
Let k be (-6)/(-12) + 482/4. Let r = k + -73. What is the highest common divisor of r and 6?
6
Let q = -1 - 0. Let j(g) = -15*g. Let f be j(q). Let n = f - 9. What is the highest common factor of n and 15?
3
Let s be 0 - ((-2)/(-1) - 2). Suppose 2*o + 3*o - 140 = s. Suppose 3*a + o = 5*a. Calculate the highest common divisor of a and 21.
7
Suppose -23 - 108 = -5*l + 2*h, 3*l = -h + 72. Suppose -10 = -4*b + 3*b. What is the greatest common divisor of b and l?
5
Suppose 5*i - 9*i = -20. Let a = i - 2. Calculate the greatest common factor of 1 and a.
1
Let f(s) = -2*s**2 - 34*s - 33. Let x be f(-15). Calculate the highest common factor of 63 and x.
9
Let t(w) = w + 64. Let u be t(0). Suppose h - u = -3*h. Let j = h - 7. What is the highest common divisor of 72 and j?
9
Let c be 5*5/25 + 327. Calculate the highest common factor of c and 41.
41
Let y be (100/(-35))/(3/(-21)). What is the greatest common factor of y and 10?
10
Suppose -5